/3 - 104*x. Let k(a) be the second derivative of w(a). What is k(3)?
8
Suppose 0 = -6*l + 52 + 8. Let d be (-124*(-5)/l)/(-1). Let b = 60 + d. Let t(g) = g**3 - 2*g - 2. Determine t(b).
-6
Let j = -136 - -140. Suppose 3*i - 13 = -j*o - 7, 2*o + 8 = 4*i. Let m(t) = 3*t**2 - 1. Give m(i).
11
Let n(y) = -3*y - 6. Suppose 20*m - 19*m + 26 = 0. Let f = m - -30. Suppose -3*a + f*i = -18, 0 = 3*a - 3*i + i - 18. What is n(a)?
-24
Let a be 123/(-164)*2*-2. Let f(s) = -s - 588*s**a + 2*s - 2 + 585*s**3 + s**2. Calculate f(-2).
24
Let z(n) = -8*n + 5. Let v be 1*8*(-14 + 31 - 18). Calculate z(v).
69
Let j(a) = a**3 + 4*a**2 - 3. Suppose 0 = -7*z + 6*z + 48. Let k = z + -35. Let h(r) = 2*r - 30. Let g be h(k). Calculate j(g).
-3
Let t(f) = -f**3 + 4*f**2 - f + 8. Let m = -20434 + 20438. What is t(m)?
4
Let t(z) = 2*z**2 - 16*z + 19. Let k be t(6). Let m(s) = 9*s**2 - 10*s. Let i(p) = 11*p**2 - 10*p - 1. Let v(d) = k*m(d) + 4*i(d). Give v(10).
-4
Suppose 13 + 3 = m + 2*l, -2*m = -6*l - 12. Let b(v) = -v**3 + 12*v**2 + v + 5. What is b(m)?
17
Let l be (26/(-4))/(24/(-48)). Let i(d) = 8*d - 6*d**2 - 7*d**2 + l*d**2 - 6 - d**2. Determine i(8).
-6
Let w(c) = -c**3 - c**2 - c + 2. Let i(r) = 4*r + 15 - 5*r**2 - 14*r - 4*r**3 - 3*r**3. Let f(t) = -i(t) + 6*w(t). Give f(2).
9
Let k(q) be the third derivative of q**5/60 + q**4/12 - q**3/2 + 2764*q**2. Determine k(-2).
-3
Let p(u) = -u**2 + 3*u + 3. Suppose 123 = -23*m + 26*m. Let k = -25 + m. Suppose k*w = 11*w + 15. Calculate p(w).
3
Let o = -291 + 287. Let q(z) = -20 + 32 - 11. Let d(w) = 3*w**2 - 6. Let r(m) = o*q(m) - d(m). What is r(2)?
-10
Let r = 20 - 26. Let g be r/9 - 17/(-3). Suppose -2*y - g*p = y + 10, -4*y + 3*p - 23 = 0. Let j(t) = -t**2 - 3*t - 7. Calculate j(y).
-17
Let r = 4983 - 4973. Let a(k) = 2*k**2 - 9*k - 10. Calculate a(r).
100
Let c(o) = -3*o - 33. Let l be c(-9). Let k(n) = n + 42. Let r(u) = u + 37. Let x(m) = 5*k(m) - 6*r(m). Determine x(l).
-6
Let k(z) be the second derivative of 0 - 15/2*z**2 - 12*z - 3/2*z**3. Let b(v) = -2*v - 3. Let q(n) = 11*b(n) - 2*k(n). Determine q(-4).
13
Let q(g) = -g**3 + 4*g**2 - 4*g + 2. Suppose -4*y + 684 = -2*k, 3*y - 2*k - 36 - 479 = 0. Let z = y + -167. Give q(z).
2
Let x = 12326 + -12372. Let l(j) = -j - 60. Determine l(x).
-14
Let r(p) be the second derivative of 0 + 1/2*p**3 - 5/2*p**2 - 10*p. Let i(w) = 9*w - 14. Let j(l) = 6*i(l) - 17*r(l). Determine j(-2).
-5
Let r be (-5041)/(-923) - (-12)/(-26). Let t(c) = c**3 - 3*c**2 - 9*c - 8. Give t(r).
-3
Let k(y) = -1179*y - 35. Let r(c) = -470*c - 17. Let o(l) = 2*k(l) - 5*r(l). Calculate o(-12).
111
Suppose 20*o - 22*o = 10, -f + 1013 = -5*o. Suppose -f*p = -989*p - 6. Let j(w) = w**2 + 7*w + 7. Determine j(p).
1
Let k be 1/(-23) - (-64314)/9131. Let r be ((-4)/5)/((-6)/15). Let x(t) = -2*t + r + 5 + 0*t. What is x(k)?
-7
Let d(t) be the second derivative of -t**5/20 + 7*t**4/12 - 5*t**3/6 - 3*t**2/2 - t. Let x(j) = -j**3 + 8*j**2 - 1534*j + 9138. Let h be x(6). Give d(h).
3
Let o(l) = 3*l**2 - l + 2. Let n(t) = t**3 - 38*t**2 + 111*t + 853. Let z be n(34). Determine o(z).
26
Let r(g) = g**2 - 2*g + 7. Let m(l) = l**2 - l + 3. Let x be -2 + 100/24 + (-5)/30. Let d(k) = x*r(k) - 5*m(k). Give d(2).
-11
Let t(q) = -q**3 + 6*q**2 + 7*q - 9. Suppose -49 + 45 = -2*u. Suppose 5*l + 13 = -h, -9 = h - u*l - 24. Determine t(h).
-9
Let p(a) = a**2 - 7. Let d be (-8)/24*2*(-1 + (-21)/6). Calculate p(d).
2
Suppose -95*m + 16 = -99*m. Let y be 1*m/12*(3 + -3). Suppose s = -y*s - 2. Let o(g) = 2*g**3 - 2*g**2 - 2*g + 2. Determine o(s).
-18
Let i(h) = -3*h - 4. Let c(w) = 8*w + 104. Let l be c(-9). Suppose -l - 33 = -13*m. Determine i(m).
-19
Let r(n) = n + 18. Let q(b) = b + 20. Let f(d) = -5*q(d) + 6*r(d). Let j be 2/((-16)/44*1/2). Determine f(j).
-3
Suppose t - 2 = -1, -d + 2*t = 1. Let k be 1075/175 - -1*d/(-7). Let c(r) = 6*r - 4. Determine c(k).
32
Suppose -4*i = -3*b + 27, 3*i - 23*b + 34 = -18*b. Let c(z) = -43*z - 14. Determine c(i).
115
Let c(l) = -81*l**2 + 26*l + 5. Let f(j) = -12*j**2 + 4*j + 1. Let t(a) = -c(a) + 6*f(a). Suppose -2*i = -2 - 0. Determine t(i).
8
Let b be (-70)/(-28)*(-8)/(-10). Let g(h) = -4397 + 4397 - 5*h - h**b. Let t be ((-5)/(-4))/((-1)/4). Determine g(t).
0
Let z(d) = 54*d**2 - 370*d - 16. Let h(g) = 86*g**2 - 589*g - 24. Let q(b) = 5*h(b) - 8*z(b). Let o be 34/4 + 2/(-4). Determine q(o).
0
Let c be 1*(-15)/(-6)*-2. Let m(g) = -255*g + 12. Let l(i) = -47*i + 2. Let f(k) = 11*l(k) - 2*m(k). Determine f(c).
33
Suppose 3*z + 48 = -5*p, -30*p - 16 = z - 35*p. Let x(o) = 3*o + 50. Calculate x(z).
2
Let b(z) = -z + 45. Suppose -115*s + 1475 + 20 = 0. Calculate b(s).
32
Let j(q) = 287 - 67 - 103 - 85 - 15*q + 13*q. What is j(-13)?
58
Suppose 0 = -16*k + 6597 - 2629. Suppose 0 = -k*d + 246*d - 26. Let t(n) = -n**3 - 14*n**2 - 11*n + 22. Calculate t(d).
-4
Let b(c) = c. Let l(q) = 11*q**3 + 2*q**2 + 4*q + 1. Suppose 20*k - 15*k + 10 = 0. Let a be l(k). Let h = -87 - a. Give b(h).
0
Let a(v) = -v**2 - 2*v + 1. Let w(y) = 0*y**2 + 6 + y**2 + 19*y - 3. Let u be w(-19). Let f be (1 + (u - 1))*-1. What is a(f)?
-2
Let q(f) be the third derivative of -1/6*f**3 + 1/12*f**4 - f**2 + 42 + 0*f + 1/12*f**5. Suppose 5*y + 14 = 4. Calculate q(y).
15
Let r(f) = 4 - 3*f**2 + 2*f**3 + 8*f - 3*f**3 - f**2. Let o be (-9628)/20 - (-4)/10. Let i = o - -476. Give r(i).
-11
Let y(a) be the second derivative of -a**3/6 - a**2 - 23*a. Suppose 3*k - x - 73 = 3*x, -2*k + 4*x + 46 = 0. Let p = -34 + k. Determine y(p).
5
Let i be 7 + 0 - (-8 + 7). Let w(d) = 10*d + 17*d - 49*d + i*d. Determine w(-1).
14
Let t(v) be the second derivative of -v**3/3 + 3*v**2 - 2*v - 14. Let z be t(6). Let u(p) = p + 8. Calculate u(z).
2
Let h(c) = c**2 + c - 9. Let i(n) be the second derivative of n**4/12 + n**3/3 + 2*n + 111. Let l = 3 + -5. Let m be i(l). Determine h(m).
-9
Let b(c) = -5*c - 7. Let s(v) = 11*v + 15. Let t = 15 - 8. Let m be -1 - (2 + (t - -3)). Let f(i) = m*b(i) - 6*s(i). What is f(3)?
-2
Let d(i) = 12*i**2 + 7*i + 13. Let b(h) = -7*h**2 - 3*h - 7. Let g = -405 + 395. Let q(k) = g*b(k) - 6*d(k). Give q(-6).
-8
Let d(g) = -11*g + 60. Let h be d(6). Let i(u) = 91 + 5*u - u**3 - 5*u**2 - 176 + 89. Calculate i(h).
10
Suppose 11 = 5*j - 44. Let m(f) = j*f**2 - 4 - 2*f**2 + 5. Suppose -27*o - 1 = -28. Give m(o).
10
Let q(g) = -g**2 - 7*g + 22. Let d be q(-9). Let m(b) = d - 2*b - 7 + 4 - b**2. Suppose 39 = -y + 36. Give m(y).
-2
Let t(f) = 483202 + 19*f - 483207 + 4*f + f**3 - 9*f**2. Give t(4).
7
Let g(r) = 13*r + 99. Let z(u) = -2*u - 13. Let k(q) = -g(q) - 6*z(q). Calculate k(-2).
-19
Let n(h) = 13*h**2 - 34*h - 2. Let k(y) = 8*y**2 - 19*y - 1. Let b(u) = 7*k(u) - 4*n(u). Determine b(-5).
86
Let b(p) = -3*p**2 - 7*p - 7. Suppose 2*g = 4*l - 4, -17*g + 13*g - 16 = 0. Calculate b(l).
-3
Let t(g) = 2*g**2 + 36*g + 37. Let p be t(-17). Let b(u) = -5*u**2 + 5*u - 1. Let y(w) = -w**2 + w + 1. Let v(x) = b(x) - 2*y(x). Calculate v(p).
-21
Let f = -201 - -186. Let o(h) be the first derivative of h**4/4 + 14*h**3/3 - 15*h**2/2 + 2*h + 8. Calculate o(f).
2
Let g(f) = f**3 + f**2 - 28*f + 2. Let x be g(-6). Let r be 14*(4 - (-45)/x). Let c(k) = -k**3 - 8*k**2 - 6*k + 6. Give c(r).
-1
Let i(x) = -3*x**2 - 11*x - 17. Let j(f) = 7*f**2 + 23*f + 35. Let z(s) = 9*i(s) + 4*j(s). Let d(p) = -52*p + 3910. Let a be d(75). What is z(a)?
17
Let d(z) = -3*z - 136. Let o = 17643 + -17684. Calculate d(o).
-13
Let x(i) be the third derivative of -11*i**4/24 - 311*i**3/6 - 2983*i**2. Give x(-28).
-3
Let f be 62/(-9) + -3 + 26/9. Let x be (3/9)/(2/12). Let t(u) = 0 + x - u + 0*u. What is t(f)?
9
Suppose 4 - 9 = 13307*j - 13308*j. Let a(s) = -8*s + 60. Determine a(j).
20
Let g(b) = -2*b**2 + 2*b + 2. Let j be g(2). Let r = -1383 - -1370. Let h = j - r. Let w(l) = -l + 6. Calculate w(h).
-5
Let c(i) be the first derivative of -i**4/4 - 8*i**3/3 + 9*i**2/2 + 9*i - 734. Calculate c(-8).
-63
Let z be 13 - 580/45 - 16/(-18). Let x(s) = 9*s**2 - 2*s + 1. Determine x(z).
8
Let x(s) = 3*s**2 - 68*s + 28. Let h(g) = -g**2 + 24*g - 9. Let n(v) = 8*h(v) + 3*x(v). Suppose -11 = -u - 3*d, 2*d - 23 + 1 = -2*u. What is n(u)?
1
Suppose 20*v = 4*z + 24*v + 68, -3*z + 4*v = 65. Let q(j) = 5*j + 36. Determine q(z).
-59
Let r be (6/2)/(9/6). Let n = 2442 + -2439.